(-1). What is the hundreds digit of (3865/(-20))/(12/l)?
7
Let n be (1895/3)/(75/45). Let f = n - -152. What is the units digit of f?
1
Suppose -15*d = -10*d + x - 12365, 9*d - 22286 = 4*x. What is the units digit of d?
4
What is the tens digit of (1365/14)/((-5)/(-30)) + -3?
8
Let g(b) = 2*b**2 - b + 1. Let a be g(1). Let i be (a*39/4)/(1/(-2)). Let t = 59 - i. What is the tens digit of t?
9
Let x = -40888 + 76517. What is the ten thousands digit of x?
3
Let i = -12 - -14. Suppose i*s + 40 = 12*s. What is the units digit of 1/s + 574/8?
2
What is the hundreds digit of 79574/12 + (-2839)/(-102) + -28?
6
Let q = -100 - -60. Let d be (0 + 5/2)/(q/320). What is the tens digit of (-6)/(-3) - d*7?
4
Let w be (-10)/(60/(-18)) - 17607*-1. What is the hundreds digit of w/60 - (-10)/4?
2
Suppose 0 = -2*n + 2*k + 103 - 119, -5*n + k = 20. Let h(y) = -73*y - 2. What is the hundreds digit of h(n)?
2
Suppose 3*m - 3633 = 43*s - 46*s, -3*s + 3*m = -3657. What is the units digit of s?
5
Let w(k) be the second derivative of -k**7/84 - k**5/120 + k**4/8 - 5*k**3/2 - 2*k. Let p(b) be the second derivative of w(b). What is the units digit of p(-2)?
5
Suppose 3*j - 31 = 5. Suppose -40*z = -j*z - 3780. What is the tens digit of z?
3
Let c(l) = 2*l**2 + 3*l - 37. Suppose -60 = -12*h + 16*h. What is the units digit of c(h)?
8
Let w(b) = -105*b**3 - 4*b + 5. Let n be w(2). Let i = n + 1565. What is the units digit of i?
2
Let g be 4/(-20) - 348/10. Let i = g + 38. What is the units digit of 1 - (i*-27 - -3)?
9
Let x be (-1 - 0)/((-3)/12). Suppose 0*n - 2*n = 2*k - x, 2*n - 4 = -5*k. Suppose 2*u + 172 = 5*w - 4*w, -n*u = -3*w + 520. What is the hundreds digit of w?
1
Let c = 22153 - 6086. What is the thousands digit of c?
6
Suppose 0 = -5*k + 3*a + 7736, 2*k + 2*a + 6188 = 6*k. What is the hundreds digit of k?
5
Let f be (4890/9)/(4 + (-10)/3). Suppose -h - 271 = -g + 10, -f = -3*g - 4*h. Let n = g - 139. What is the units digit of n?
8
Let o(q) = q**2 + 5*q + 45. Let z be 1/4 - 6237/84. Let i = z + 64. What is the tens digit of o(i)?
9
Let h be 1/2*4*-2. Suppose 0 = 1228*z - 1234*z - 60. What is the units digit of (-468)/(-5) + h/z?
4
Let f(u) be the third derivative of 1031*u**5/60 - 11*u**4/12 + 23*u**3/6 + 9*u**2 + 11*u. What is the hundreds digit of f(1)?
0
Let n = 3 - 2. Let h(d) be the second derivative of 4*d**4 - d**3/6 + d**2/2 + 388*d - 4. What is the units digit of h(n)?
8
Let b(k) = 8*k - 116. Let m(c) = -7*c + 117. Let a(y) = 6*b(y) + 7*m(y). Let n = -123 + 123. What is the hundreds digit of a(n)?
1
What is the hundreds digit of -5 + 13 + -29 + 14557?
5
Let p = 1268 - 125. Let o = 2270 - p. What is the hundreds digit of o?
1
Let b(y) = 148*y + 168. Let q be b(-24). Let i = 6 + -6. What is the units digit of (i + 2)/(2 + q/1698)?
3
Suppose -1117*w - 4*v - 32584 = -1121*w, -3*v + 32598 = 4*w. What is the tens digit of w?
4
Let k(y) be the third derivative of 47*y**5/60 + y**4/3 + 13*y**3/6 + 48*y**2. What is the tens digit of k(6)?
5
Let s(k) = 5*k**3 - 15*k**2 - 40*k + 433. What is the hundreds digit of s(15)?
3
Let s(q) = 4*q + 31. Let v be s(-7). Suppose v*c - 176 = -i, -3*c - 184 = -i - 2. What is the hundreds digit of i + (5 - 1 - 7)?
1
Suppose -5012*v - 1250013 = -5043*v. What is the units digit of v?
3
Let k = 55 + -59. Let z = k + 248. Suppose z = 4*y + 4*i, 4*y - i = i + 274. What is the tens digit of y?
6
Let t(u) = -36*u**3 - 5*u**2 - 6*u - 11. Suppose 24 = -5*s + 9. What is the units digit of t(s)?
4
Suppose -3*y - 2*t - 32 = -10, -4*t = -y + 16. Let a(b) = 39*b**2 + 21*b - 3. What is the hundreds digit of a(y)?
5
Let h(f) = -f**3 - 3*f**2 + 3*f + 430. Let x be h(0). Let y = -273 + x. What is the hundreds digit of y?
1
Let x(d) = -d**3 - 9*d**2 - 9*d - 32. Let v be x(-20). Suppose 4*n - 340 - v = 0. What is the thousands digit of n?
1
Suppose 0 = 391*c - 128*c + 95*c - 19232476. What is the tens digit of c?
2
Suppose 117446 + 349725 - 34536 = 35*l. What is the hundreds digit of l?
3
Suppose 0*h = 4*h + 2*b + 14, 4*b + 17 = 3*h. Let r be (-5)/(-1) - (h - -4)*-1. Let n(q) = 4*q**2 - 5*q - 35. What is the tens digit of n(r)?
8
Suppose -3*p = c + 9, -4*p + 4*c - 7 - 21 = 0. What is the tens digit of (-848)/(-14) + p/7?
6
Let x = 3509 + -1138. What is the tens digit of x?
7
Let j = 20 + 18. Let h = j + -62. What is the tens digit of (0 + -3)/(h/792)?
9
Let x be 549/2 + (-11)/(-22). Let y = x + -136. What is the hundreds digit of y?
1
Let o(h) = h**3 + 5*h**2 - 9*h - 19. Let i be o(-6). Let y(d) = -11 - 61*d - 114*d + 12. What is the hundreds digit of y(i)?
1
Let v be (-398 - (-1 - 4))/((-6)/24). Suppose -4*d = -6*d + v. What is the units digit of d?
6
Let d be -2*(-2)/(-8) - (-42)/(-4). Suppose -3*i - 39 = 3*r, 2*r - i = -3*r - 41. Let x = r - d. What is the units digit of x?
2
Let d(a) = a**2 + 34*a + 69. Let j be d(-32). Suppose -3*c = 2*m - 1287, -c + 246 = -j*m - 183. What is the tens digit of c?
2
Suppose 3*m = 2*q - 917, -m - 3*q = 275 + 27. Let k = m + 781. What is the hundreds digit of k?
4
Let q(l) be the third derivative of 3*l**4/2 + 73*l**3/2 - 2*l**2 - 55*l. What is the units digit of q(28)?
7
Suppose -2*j - 5*y = -92534, -8*y - 138775 = -3*j - 9*y. What is the thousands digit of j?
6
Suppose 5*h - 144 = -34. Let s be ((-88)/(-3))/(h/(-1419)). What is the tens digit of 10/(-4)*s/55?
8
Suppose -10*x = -30*x + 440. What is the tens digit of 26/(-143) + 4250/x + -2?
9
Suppose 98 = 5*x - 5*n + n, -50 = -2*x - 2*n. Let y = -185 + x. Let u = 45 - y. What is the hundreds digit of u?
2
Suppose -6*k + 13*k - 3003 = 0. Suppose 4*o = n + 1723, 6*o - k = 5*o + 2*n. What is the tens digit of o?
3
Suppose -5*m + 16 = u - 10, -u + 6 = m. Suppose 0 = 7*k - 23 - m. What is the units digit of k?
4
Let k = -22985 - -51927. What is the hundreds digit of k?
9
Let p(q) = -602*q + 8. Let b = -395 - -394. What is the units digit of p(b)?
0
Let d = 28 + -45. Let g(f) = 2*f**2 + 34*f + 5. Let s be g(d). Suppose -7*r = -s*r + 2*a - 210, -4*a + 310 = 3*r. What is the tens digit of r?
1
Let i(s) = 81*s**2 - 91*s + 571. What is the ten thousands digit of i(-21)?
3
Suppose -3*k = k - y + 25, 11 = -2*k + y. What is the units digit of (-2 - k) + (323 - -2)?
0
Let r be ((-520)/8 - -3)*3311/(-2). What is the tens digit of r/129 + 2/6?
9
Let a = 29 - 52. Let j = a + 30. Suppose -t - j*y = -2*y - 84, 3*t = -4*y + 208. What is the units digit of t?
4
Suppose -3*b = -u - 1, 8*b - 3*b = -4*u + 47. Suppose 3*h = -v + 517, 3*h + 859 = u*h + v. What is the hundreds digit of h?
1
Suppose 9*v + 0*v - 2034 = 0. Let w = v - -24. What is the units digit of w?
0
Let f be (-2290)/(-4)*(13 - (-4 - -15)). What is the units digit of (f - 0) + -20 + 28?
3
Suppose 18*s + 1110 = 24*s. Suppose 0 = s*o - 189*o + 2204. What is the hundreds digit of o?
5
Suppose 0 = -2*z + r + 48971 + 58556, -5*z = 3*r - 268779. What is the ten thousands digit of z?
5
Let o = 19286 - 11891. What is the hundreds digit of o?
3
Let c(p) = 4*p**2 + 206*p + 581. What is the tens digit of c(-129)?
7
Let p be ((-118)/3)/((-26)/585). Suppose 5*w - r = -0*w + 865, 3*r - p = -5*w. Let z = -120 + w. What is the units digit of z?
4
Let q be (65/(5 + 0))/((-2)/(-6)). Suppose -4*p + 34*n - q*n = -2708, -5*n = 3*p - 2026. What is the hundreds digit of p?
6
Let r = -332 + 335. Suppose r*q = 287 - 104. What is the units digit of q?
1
Let d be 8/14 + 6/14. Let u be d*4*(-9 - -12). What is the units digit of u/8 - (-215)/2?
9
What is the units digit of 15*4221/35*25/3?
5
What is the tens digit of -6*(8 - 19915/10)?
0
Suppose 2*s - 303*u + 304*u = 10267, 0 = 2*s + 5*u - 10263. What is the tens digit of s?
3
Let p(l) = 6 - 3*l - 9*l**2 - 4*l**3 - 6*l**2 - 1 + 20*l**2. Let m be p(4). Let f = m - -400. What is the units digit of f?
7
Suppose -1971964 = 132*y - 375*y + 66563. What is the hundreds digit of y?
3
Suppose 3*d + 2242 = -4*h + 19278, 5*h = 3*d - 17018. What is the tens digit of d?
7
Let i = 46302 + -31114. What is the ten thousands digit of i?
1
Let d(t) = t**3 - 36*t**2 - 40*t + 90. What is the units digit of d(38)?
8
Let u = 25213 + -11405. What is the hundreds digit of u?
8
Let l(h) = -h**3 + 20*h**2 - h + 42. Suppose -4*k = -5*g - 78, -3*k = -7*g + 2*g - 61. What is the hundreds digit of l(k)?
8
Let d(v) = 321*v + 6